common divisor of 60 and 675.
15
Calculate the greatest common factor of 19 and 95.
19
What is the highest common divisor of 8 and 324?
4
Calculate the greatest common factor of 25 and 46225.
25
Calculate the greatest common divisor of 145 and 17980.
145
Calculate the highest common factor of 670 and 134.
134
Calculate the greatest common divisor of 72 and 44.
4
Calculate the highest common divisor of 135 and 9045.
135
Calculate the highest common factor of 1 and 323.
1
What is the greatest common factor of 754 and 78?
26
What is the greatest common divisor of 381 and 21?
3
Calculate the highest common factor of 388 and 679.
97
What is the greatest common divisor of 36 and 63?
9
Calculate the highest common factor of 122 and 1159.
61
What is the greatest common factor of 1300 and 200?
100
Calculate the highest common divisor of 6528 and 306.
102
Calculate the highest common factor of 4872 and 70.
14
What is the greatest common divisor of 4 and 92?
4
Calculate the highest common factor of 350 and 1505.
35
What is the highest common factor of 1330 and 420?
70
Calculate the highest common factor of 51 and 867.
51
Calculate the greatest common factor of 1534 and 117.
13
Calculate the highest common divisor of 16 and 708.
4
Calculate the greatest common factor of 111 and 296.
37
What is the highest common factor of 456 and 8?
8
Calculate the highest common factor of 1917 and 27.
27
Calculate the greatest common factor of 117 and 962.
13
Calculate the greatest common factor of 41664 and 217.
217
What is the greatest common factor of 16 and 10448?
16
What is the highest common factor of 2583 and 189?
63
What is the highest common divisor of 14588 and 28?
28
Calculate the highest common divisor of 924 and 2706.
66
Calculate the highest common factor of 16 and 292.
4
Calculate the highest common factor of 149 and 1.
1
What is the greatest common factor of 1 and 81?
1
What is the greatest common divisor of 676 and 17407?
169
Calculate the highest common divisor of 243 and 45.
9
What is the greatest common factor of 28 and 6?
2
What is the greatest common divisor of 84 and 63?
21
What is the greatest common factor of 685 and 1507?
137
What is the greatest common divisor of 165 and 5511?
33
What is the greatest common divisor of 18888 and 18?
6
What is the greatest common divisor of 15 and 85?
5
What is the greatest common factor of 63 and 17451?
63
What is the highest common divisor of 3 and 831?
3
Calculate the greatest common factor of 2 and 34.
2
What is the highest common factor of 11 and 121?
11
What is the highest common divisor of 1452 and 24?
12
What is the highest common divisor of 88 and 440?
88
Calculate the greatest common divisor of 73 and 2.
1
What is the highest common divisor of 9 and 1422?
9
Calculate the greatest common divisor of 1824 and 168.
24
What is the highest common factor of 243 and 111?
3
Calculate the highest common factor of 66 and 1254.
66
Calculate the greatest common divisor of 54 and 114.
6
Calculate the highest common divisor of 18 and 66.
6
Calculate the greatest common divisor of 4065 and 60.
15
What is the highest common factor of 157 and 27161?
157
What is the greatest common divisor of 102 and 26826?
102
What is the greatest common divisor of 180 and 144?
36
What is the greatest common divisor of 316 and 4?
4
What is the greatest common divisor of 15301 and 143?
143
What is the greatest common divisor of 42 and 224?
14
Calculate the highest common divisor of 10 and 15.
5
What is the highest common divisor of 128 and 1512?
8
Calculate the highest common factor of 14 and 192.
2
Calculate the highest common divisor of 3296 and 927.
103
Calculate the highest common divisor of 40 and 16540.
20
Calculate the highest common factor of 804 and 36.
12
Calculate the greatest common factor of 187 and 16643.
187
Calculate the highest common divisor of 2992 and 32.
16
Calculate the greatest common divisor of 3883 and 22.
11
What is the highest common factor of 450 and 375?
75
Calculate the highest common divisor of 29939 and 98.
49
Calculate the highest common factor of 18 and 207.
9
What is the highest common factor of 28 and 140?
28
Calculate the greatest common divisor of 5041 and 71.
71
Calculate the greatest common divisor of 490 and 30.
10
What is the greatest common factor of 17 and 153?
17
Calculate the greatest common factor of 961 and 62.
31
What is the highest common divisor of 407 and 333?
37
What is the greatest common divisor of 253 and 22?
11
Calculate the highest common divisor of 9 and 1047.
3
What is the highest common factor of 162 and 18?
18
What is the highest common factor of 9 and 144?
9
Calculate the greatest common divisor of 2478 and 14.
14
Calculate the greatest common factor of 979 and 801.
89
What is the greatest common factor of 2150 and 2322?
86
What is the highest common divisor of 612 and 340?
68
What is the greatest common divisor of 54 and 17964?
18
What is the highest common factor of 70 and 1302?
14
Calculate the highest common divisor of 145 and 95.
5
What is the greatest common divisor of 640 and 24?
8
Calculate the greatest common divisor of 34 and 119.
17
What is the greatest common divisor of 9 and 207?
9
What is the greatest common divisor of 246 and 6?
6
Calculate the greatest common factor of 178 and 267.
89
Calculate the highest common divisor of 9 and 81.
9
What is the highest common divisor of 6354 and 18?
18
Calculate the greatest common divisor of 30 and 4930.
10
Calculate the highest common divisor of 116 and 290.
58
Calculate the greatest common factor of 2 and 190.
2
Calculate the highest common divisor of 44 and 209.
11
What is the greatest common divisor of 273 and 39?
39
What is the greatest common factor of 30 and 195?
15
Calculate the greatest common factor of 80 and 1720.
40
What is the greatest common factor of 597 and 3?
3
What is the highest common factor of 35 and 60?
5
What is the highest common factor of 96 and 22?
2
Calculate the greatest common divisor of 76 and 3154.
38
Calculate the highest common divisor of 725 and 75.
25
Calculate the greatest common divisor of 3616 and 96.
32
What is the highest common factor of 135 and 81?
27
Calculate the greatest common factor of 68 and 578.
34
Calculate the greatest common divisor of 72 and 1800.
72
What is the highest common divisor of 20 and 33570?
10
What is the greatest common divisor of 18 and 2?
2
What is the greatest common divisor of 87 and 348?
87
Calculate the greatest common divisor of 360 and 45.
45
What is the greatest common factor of 32 and 24?
8
Calculate the greatest common factor of 88 and 15730.
22
Calculate the greatest common divisor of 152 and 296.
8
Calculate the greatest common divisor of 21 and 1673.
7
What is the highest common factor of 363 and 2442?
33
What is the greatest common factor of 666 and 148?
74
What is the highest common divisor of 142 and 923?
71
What is the greatest common factor of 451 and 41?
41
What is the greatest common factor of 56 and 63?
7
What is the greatest common divisor of 15 and 155?
5
Calculate the highest common factor of 2989 and 61.
61
What is the highest common divisor of 134 and 871?
67
Calculate the greatest common factor of 1527 and 3.
3
What is the greatest common divisor of 747 and 166?
83
What is the highest common divisor of 16 and 416?
16
Calculate the greatest common divisor of 456 and 12.
12
Calculate the greatest common divisor of 16 and 688.
16
What is the greatest common factor of 1820 and 78?
26
What is the greatest common divisor of 4698 and 162?
162
Calculate the greatest common factor of 512 and 64.
64
Calculate the highest common divisor of 328 and 3813.
41
What is the highest common factor of 13 and 806?
13
What is the greatest common divisor of 297 and 621?
27
What is the greatest common divisor of 11 and 69685?
11
What is the greatest common divisor of 270 and 970?
10
Calculate the greatest common factor of 15930 and 54.
54
Calculate the highest common factor of 428 and 12.
4
Calculate the greatest common divisor of 5 and 185.
5
Calculate the greatest common factor of 12 and 16.
4
Calculate the greatest common divisor of 3367 and 39.
13
Calculate the highest common divisor of 731 and 34.
17
Calculate the highest common divisor of 16 and